(2/(8/3)) + 413?
409
Suppose 0 = 5*m + 2*k - 65, 0*m - 3*m + 43 = 2*k. Suppose 3*r - m = 37. Suppose -2*x + r = -46. List the prime factors of x.
31
Let v = 53 + -41. Let o(s) = 8*s + 63. What are the prime factors of o(v)?
3, 53
Let r be ((-9)/(-3))/((-2)/(-2)). Suppose -51 = -r*t + t - n, t - 24 = -2*n. Suppose -l - 3*i + t = -0*l, 5*l = -4*i + 119. List the prime factors of l.
23
Let u(g) = 10*g**2 + 39*g + 51. List the prime factors of u(-8).
379
Let w = 758 + 882. What are the prime factors of w?
2, 5, 41
Suppose t + 207 = -2*t. What are the prime factors of (t/(-12))/(3/48)?
2, 23
Suppose -36 = -2*f - 32. What are the prime factors of f?
2
Suppose 0 = -24*u + 43*u - 14706. List the prime factors of u.
2, 3, 43
Suppose 5*o = 2*h + 92, 3*o - o + 5*h - 60 = 0. Let s = -14 + o. Suppose 0 = 2*z + 4*t - 36, -z = -s*z + 2*t + 66. List the prime factors of z.
2, 7
Suppose -11*a + 2*a = -45. What are the prime factors of ((-46)/(-3))/(a*12/90)?
23
Suppose 4*f - 3631 = -r + 6113, -9752 = -4*f - 3*r. What are the prime factors of f?
5, 487
Let t = 11 + 144. Suppose d = 3*v + 2*d - 457, -t = -v - 3*d. Suppose -24 + v = 4*f. List the prime factors of f.
2
Suppose 5*c - 17 + 2 = 0. Suppose -c*p + 8 = -4*p - 2*a, 28 = -4*p - 4*a. List the prime factors of 76/3 + p/(-9).
2, 13
Suppose -46*q = -42*q - 20, 2*j = 4*q + 1568. List the prime factors of j.
2, 397
Let w = 64 + -46. Let i = -25 + w. List the prime factors of (-2)/i + 618/42.
3, 5
Let p be 8 + 0*(-2)/10. Let g(r) = 10*r - 2. Let m be g(p). Let t = m + -56. What are the prime factors of t?
2, 11
Let q(p) = 169*p**3 - p + 3. List the prime factors of q(1).
3, 19
Let o(p) = 3 - p**3 - 5*p**2 - 3 + 6 + 7*p - 5. Let j be o(-6). What are the prime factors of j - (-8)/4 - -6?
3
Suppose -61*w + 3311 = -54*w. What are the prime factors of w?
11, 43
Suppose -15130 = 167*r - 177*r. What are the prime factors of r?
17, 89
Suppose 0 = q + 2*i - 2439, -2012 = 5*q - i - 14185. What are the prime factors of q?
5, 487
Let w(b) be the second derivative of -3*b**5/40 + 7*b**4/12 + 5*b**3/6 - 3*b. Let z(s) be the second derivative of w(s). List the prime factors of z(-7).
7, 11
Suppose 2*v - 8*d = -4*d + 580, 0 = -3*v + 3*d + 876. What are the prime factors of v?
2, 3, 7
Suppose -3*m + 2 = 3*d - 46, -2*d = 5*m - 83. Suppose 6*r - m = 5*r. What are the prime factors of r?
17
Let o(l) = -l**3 + 199 - 8*l**2 + 176 - 406 + l. What are the prime factors of o(-11)?
3, 107
Let r(q) = q**2 - 22*q - 29. What are the prime factors of r(-11)?
2, 167
Let h(w) = w**3 + 10*w**2 + 3*w - 1. Let d be h(-9). Let b = d + -25. What are the prime factors of b?
2, 7
Suppose 220*g + 304 = 222*g. List the prime factors of g.
2, 19
Let w(f) = f**3 + 9*f**2 + 18*f + 2. Let n be w(-6). Suppose -5*v = -0*v - 80. Suppose n*o - v = -2. What are the prime factors of o?
7
Suppose 3*n - 4*o = 2*n + 2, 4*n - 2*o = 8. Suppose 3*b = -n*p - 15, b + 2*b - 57 = 4*p. What are the prime factors of 2 - (-3 - p)/(-3)?
5
Let o(h) = 3*h**2 - 19*h + 9. Let u(n) = 7*n**2 - 38*n + 19. Let c(b) = -5*o(b) + 2*u(b). What are the prime factors of c(6)?
71
What are the prime factors of ((-10)/25)/(12/(-17790))?
593
Suppose -5*h = 5*r - 1030, 3*r + 11*h - 608 = 13*h. What are the prime factors of r?
2, 3, 17
Suppose 0 = -9*b + 5360 + 7213. List the prime factors of b.
11, 127
Let d(i) = i + 4 + 392*i**3 - 391*i**3 - 4 - 1. Let p = 7 + -4. What are the prime factors of d(p)?
29
Let z(x) = 3*x + 12. Suppose -10*w - 24 = -6*w. Let g be z(w). Let v(t) = t**2 + 5*t - 4. List the prime factors of v(g).
2
Let f(i) = i**2 + 31*i - 382. What are the prime factors of f(23)?
2, 5, 43
Let b(l) = l**3 + 18*l**2 - 22*l + 36. What are the prime factors of b(-18)?
2, 3
Let t(o) = -4*o**2 - 2*o**2 - o**3 - 7 - 7*o - o**2 - 2*o. Let k = -13 + 7. List the prime factors of t(k).
11
Suppose -2*t + 437 = 167. List the prime factors of t.
3, 5
Let d be (-6)/8 + (3 - (-18)/24). Suppose -3*p + 366 = -l + 4*l, 2*l = -d*p + 361. List the prime factors of p.
3, 13
Suppose 0 = -2*f - 9 + 1. What are the prime factors of f - (48/(-2) + -1)?
3, 7
Suppose -10*l - 1058 - 1102 = 0. Let k = l - -389. List the prime factors of k.
173
Let v(q) = -1400*q + 130. List the prime factors of v(-4).
2, 3, 5, 191
Let x(z) = -9*z + 8. Suppose 3*s - 4*s = 5*r + 21, 3*s + 3*r = -27. What are the prime factors of x(s)?
2, 31
Let h(k) = 63*k**2 - 6*k - 17. What are the prime factors of h(-5)?
2, 397
Let b(z) = z**3 - 3*z**2 - 4*z + 2. Let f be b(4). Suppose -f*i + 286 = 4*u, -2*u + 144 = -0*i + 2*i. Suppose u = 5*x - 64. What are the prime factors of x?
3
Let s(o) = -5*o**2 - 5*o**2 + 5*o**2 + 5*o + 7 + 0*o**2 - 2*o**3. List the prime factors of s(-4).
5, 7
Let r(h) = -h**3 - 5*h**2 - h - 2. Let x be r(-6). Suppose 0*l + x = l. Let n = l - 31. List the prime factors of n.
3
Suppose -19*n + 58*n - 23283 = 0. What are the prime factors of n?
3, 199
Let x(u) be the second derivative of -u**5/4 + u**3/6 + 5*u**2 + 9*u. List the prime factors of x(-3).
2, 71
Suppose 161 + 209 = -2*o. Let z = o - -414. List the prime factors of z.
229
Suppose 4*t = -5*q + 197, 3*t = -5*q + 7*t + 173. Suppose 3*r - 2*r = q. What are the prime factors of r?
37
Suppose -3*x - 90 = -5*a, 3*a - 62 - 22 = 3*x. Let u be 4/(-5) + 5/x. What are the prime factors of ((-4)/(-5))/(u/(-45))?
2, 3
Let j be (1/3)/(3/36). Suppose -2*w - w + 7 = -j*m, 5*w - 35 = -5*m. Suppose -123 = -2*q - y, 3*q - 187 = -m*y + 3*y. What are the prime factors of q?
2, 31
Let y(z) = 5*z - 1. Let v be y(-2). Let p(m) be the third derivative of -m**5/60 - 13*m**4/24 + 8*m**3/3 - m**2. List the prime factors of p(v).
2, 19
Let i(y) = -5*y - 6. Let l be i(-3). Let a = l - 19. What are the prime factors of (-28)/5*25/a?
2, 7
Let s(f) = f**3 + 11*f**2 + 11*f + 10. Let j be s(-10). Suppose j*n + 3 = n. List the prime factors of (n/2 + 1)*4.
2, 5
Let x(k) = k**2 - 9*k + 12. Let p be x(8). Suppose o + p*q = 2*q + 8, 4*q = 20. Let m = o + 10. List the prime factors of m.
2
Let r = -4265 + 7511. What are the prime factors of r?
2, 3, 541
Let a(t) = -t**3 + 4*t**2 - 7*t - 5. Let y be a(4). Let w = y - -38. List the prime factors of w.
5
Suppose 3 + 35 = 4*r - 2*n, -4*n - 40 = -4*r. Suppose -4*p - 363 = -r*p + 4*b, 5*p = b + 372. What are the prime factors of p?
3, 5
Let f = -15 - -9. Let j(r) = r**2 + 5*r - 2. Let m be j(f). Suppose m*n - 30 = 150. What are the prime factors of n?
3, 5
Suppose 5*v = -4*u + 5256, -5*u - v + 3343 + 3206 = 0. What are the prime factors of u?
7, 11, 17
Let g be 1188/63*(-42)/(-4). Suppose -g = -2*z - 2*x, 463 = 5*z - 3*x - 0*x. List the prime factors of z.
5, 19
Let g = -284 + 735. What are the prime factors of g?
11, 41
Let h = -7 + 11. Let r(p) = h*p + 16*p - 4*p - p - 5. What are the prime factors of r(2)?
5
Suppose 5*u - 80 = -5*f + f, -3*u = -12. List the prime factors of (-20)/f*(-108)/3 - 2.
2, 23
Suppose -2*m + 21 = 2*t + 1, -4 = 2*t - 4*m. Suppose t*r - 6 = 3*x + r, x - 5*r = -12. Suppose -x*b - 7 = -154. List the prime factors of b.
7
Let n(w) be the first derivative of 11*w**3/3 - 2*w**2 + 3*w + 200. Let o = 2 + -1. What are the prime factors of n(o)?
2, 5
Let h = -953 - -1343. What are the prime factors of h?
2, 3, 5, 13
Let c be ((-1)/(-3))/((-2)/762 - 0). List the prime factors of (-2 + c - 0)*(-3 - -2).
3, 43
Suppose 4*t = -2*w - 18, 0*w + 3*w - 4*t - 23 = 0. Suppose 13 = 2*a - w. Suppose a*p - 3*p = 96. What are the prime factors of p?
2, 3
Suppose 1764 + 49 = 7*s. Let v = s + -138. List the prime factors of v.
11
Suppose 2*d = -4*r + 1841 + 2529, -2*d + 4*r + 4354 = 0. What are the prime factors of d?
3, 727
Let y(d) = -d**3 - 9*d**2 + 12*d - 1. Let b be y(-11). Suppose -95 = -6*l + b. What are the prime factors of l?
2, 17
List the prime factors of 3005*(-6 - (-128)/20).
2, 601
Suppose 2*w = 10*c - 7*c + 1276, 2*w - 1292 = -c. List the prime factors of w.
2, 7, 23
Let y = 21 - 19. Suppose -i + y*w + 32 = i, -40 = -2*i + 4*w. Let x(f) = 3*f - 14. List the prime factors of x(i).
2, 11
Let z(v) = -30*v**2 - 6*v - 1. Let h be z(-1). Let x(u) = -84*u**2 + 1. Let k be x(1). Let j = h - k. List the prime factors of j.
2, 29
Let c be (-3 + (-14)/(-4))/(7/(-196)). Let j = -31 - -57. Let p = j + c. What are the prime factors of p?
2, 3
Let p(z